{"id":16,"date":"2018-12-13T13:55:49","date_gmt":"2018-12-13T13:55:49","guid":{"rendered":"https:\/\/frutitalpa.com\/?page_id=16"},"modified":"2018-12-27T17:39:38","modified_gmt":"2018-12-27T17:39:38","slug":"historia","status":"publish","type":"page","link":"https:\/\/frutitalpa.com\/?page_id=16","title":{"rendered":"Historia"},"content":{"rendered":"<div id=\"u900-13\" class=\"clearfix colelem\" data-muse-uid=\"U900\">\n<p>Hace m\u00e1s de 70 a\u00f1os en el municipio de Talpa de Allende\u00a0 comenz\u00f3 la elaboraci\u00f3n del Rollo de guayaba, creado con la receta original, siendo la\u00a0 guayaba la base del producto, se agregaba az\u00facar y pon\u00eda al fuego en un cazo de cobre, se meneaba\u00a0 con una pala de madera hasta obtener el punto.<\/p>\n<p>&nbsp;<\/p>\n<p>Posteriormente se tend\u00eda en\u00a0 tabla de madera cubierta de az\u00facar, el dulce reposaba toda la noche y al d\u00eda siguiente se cortaba en medidas preferentes al productor o consumidor, se enrollaba,\u00a0 y se almacenaba en cajas de madera de 10 a 15 kg.<\/p>\n<p>&nbsp;<\/p>\n<p>D\u00eda con d\u00eda la producci\u00f3n avanz\u00f3 pues los peregrinos empezaron a visitar al pueblo por la devoci\u00f3n a la Virgen del Rosario, al paso del tiempo se han mejorado los procesos de producci\u00f3n apoy\u00e1ndose de la tecnolog\u00eda pero conservando el sabor y la calidad.<\/p>\n<p>&nbsp;<\/p>\n<p>Actualmente nuestra empresa est\u00e1 dedicada a hacer llegar ese sabor inigualable a su hogar, mejorando d\u00eda con d\u00eda la calidad y el servicio, innovando productos con az\u00facar y sin az\u00facar en bienestar de su salud.<\/p>\n<\/div>\n<div class=\"verticalspacer\"><\/div>\n<div id=\"pu3113\" class=\"clearfix colelem\">\n<div id=\"u3113-bw\" class=\"browser_width grpelem\">\n<div id=\"u3113\">\n<div id=\"u3113_align_to_page\" class=\"clearfix\">\n<div id=\"u218\" class=\"clip_frame grpelem\"><\/div>\n<\/div>\n<\/div>\n<\/div>\n<\/div>\n","protected":false},"excerpt":{"rendered":"<p>Hace m\u00e1s de 70 a\u00f1os en el municipio de Talpa de Allende\u00a0 comenz\u00f3 la elaboraci\u00f3n del Rollo de guayaba, creado con la receta original, siendo la\u00a0 guayaba la base del producto, se agregaba az\u00facar y pon\u00eda al fuego en un cazo de cobre, se meneaba\u00a0 con una pala de madera hasta obtener el punto. &nbsp; [&hellip;]<\/p>\n","protected":false},"author":1,"featured_media":178,"parent":0,"menu_order":0,"comment_status":"closed","ping_status":"closed","template":"","meta":{"_joinchat":[],"footnotes":""},"class_list":["post-16","page","type-page","status-publish","has-post-thumbnail","hentry"],"_links":{"self":[{"href":"https:\/\/frutitalpa.com\/index.php?rest_route=\/wp\/v2\/pages\/16","targetHints":{"allow":["GET"]}}],"collection":[{"href":"https:\/\/frutitalpa.com\/index.php?rest_route=\/wp\/v2\/pages"}],"about":[{"href":"https:\/\/frutitalpa.com\/index.php?rest_route=\/wp\/v2\/types\/page"}],"author":[{"embeddable":true,"href":"https:\/\/frutitalpa.com\/index.php?rest_route=\/wp\/v2\/users\/1"}],"replies":[{"embeddable":true,"href":"https:\/\/frutitalpa.com\/index.php?rest_route=%2Fwp%2Fv2%2Fcomments&post=16"}],"version-history":[{"count":2,"href":"https:\/\/frutitalpa.com\/index.php?rest_route=\/wp\/v2\/pages\/16\/revisions"}],"predecessor-version":[{"id":174,"href":"https:\/\/frutitalpa.com\/index.php?rest_route=\/wp\/v2\/pages\/16\/revisions\/174"}],"wp:featuredmedia":[{"embeddable":true,"href":"https:\/\/frutitalpa.com\/index.php?rest_route=\/wp\/v2\/media\/178"}],"wp:attachment":[{"href":"https:\/\/frutitalpa.com\/index.php?rest_route=%2Fwp%2Fv2%2Fmedia&parent=16"}],"curies":[{"name":"wp","href":"https:\/\/api.w.org\/{rel}","templated":true}]}}